 m - q - 12. Is m prime?
False
Let c(z) = -z**2 + 3*z + 15. Let g be c(3). Suppose 0 = -5*f - 4*x + 56721, -10*x + 22662 = 2*f - g*x. Is f a composite number?
True
Suppose 5*c + 25 = 0, 2*n + 5*c - 1306 = 357. Suppose 12*g - 57 = -21. Suppose -g*p + 7*p = n. Is p a prime number?
True
Suppose 2*o + 16 = 4*i - 2*o, 5*i - 10 = -5*o. Suppose 0 = i*s + 5*z - 5358 + 1464, 0 = -2*s + 3*z + 2577. Suppose -s = c - 2*c. Is c a composite number?
True
Let f = 5937 + -1390. Is f a prime number?
True
Suppose -5*d + 0*d = 0. Suppose d = 37*h - 44*h + 12278. Is h a composite number?
True
Suppose 4*s - a - 12365 = 0, -5*s = -3*a - 3049 - 12402. Suppose 3*y - 991 = s. Is y prime?
True
Suppose 3*s + r = -0*r + 2270, 4*s - 5*r = 3014. Suppose -24 + s = -3*p. Let t = -155 - p. Is t a prime number?
True
Suppose -6*d + 1016 = -2*d. Suppose -4*s + d = -6*s. Let c = 186 + s. Is c prime?
True
Let z = -26021 - -14683. Let o = 15921 + z. Is o prime?
True
Is ((-4214085)/(-60))/(0 - (4 + (-34)/8)) a composite number?
False
Let j(a) = -a**3 - 9*a**2 + 8*a + 8. Let i be j(-10). Let z = -35 - i. Is (-2)/(-7) + (-1368)/z composite?
True
Let v = 47 - 37. Suppose v*h - 4*h + 984 = 0. Let b = h - -1075. Is b a prime number?
True
Suppose 581*k = 749*k - 190751736. Is k a composite number?
False
Let g = 453150 - 301123. Is g prime?
True
Suppose 0 = 9*i - 857747 - 2344789 - 886281. Is i a composite number?
False
Let g be (20332 - -89)*4/(-6). Let y = g + 19517. Is y a prime number?
True
Is ((-4)/(24/(-7017)))/(10/20) composite?
False
Let a be (-9)/(27/(-12))*(-28104)/(-32). Suppose -3*o + 11988 = -a. Is o prime?
True
Is ((-41347528)/32)/(4 - (-170)/(-40)) a composite number?
False
Suppose -41*k - 167*k = 3*k - 55405435. Is k composite?
True
Let k = -305805 + 479042. Is k a prime number?
False
Let h(w) = -89701*w**3 + 5*w**2 + 4*w - 3. Is h(-1) a prime number?
False
Suppose 28*a - 30 = 30*a. Let d be (-9)/(-24) + a/40. Suppose d = 14*u - 16*u + 134. Is u a prime number?
True
Suppose -4 = 2*n - 14. Suppose -b + 0*b + 165 = n*d, -d + 4 = 0. Is b a composite number?
True
Let m(t) = t**3 + 7*t**2 + 14*t + 7. Let g(l) = l**3 + 17*l**2 - 19*l - 11. Let d(h) = -h**2 - h + 38. Let p be d(7). Let i be g(p). Is m(i) a prime number?
False
Let l(p) = 3253*p**2 + 61*p - 1. Let n be l(-3). Suppose 12 = -3*r, 2*r = 5*a - 4900 - n. Is a prime?
False
Suppose -3*y + 9*v - 23 = 14*v, -5*y - 4*v - 21 = 0. Is 115042/12 + y/(-6) a prime number?
True
Is (18/15)/6*13825415/23 prime?
False
Is 20/(-35) + 0 - (-58788)/28 composite?
False
Let l = 60637 + -6536. Is l prime?
True
Suppose -2*w - 252*f + 257*f = -170353, 4*w + 3*f = 340771. Is w composite?
True
Let h(c) = 21124*c + 429. Is h(11) a composite number?
True
Let d(m) = -m + 4. Let r(s) = s**3 - 12*s**2 + 11*s + 3. Let l be r(11). Suppose l*b + 1 = q, -2*b + 6*b - 3*q = 7. Is d(b) composite?
True
Let i(x) = -x**2 + 17*x + 23. Let d(g) = g**3 - 7*g**2 + 10*g - 12. Let c be d(6). Is i(c) composite?
False
Let p = 302 + -24. Let a = p + -128. Suppose 13 = 3*w + 1, -4*w + a = r. Is r a composite number?
True
Suppose -5*i = -4*j - 142309 + 46391, 4*i - 76741 = j. Let l = i - 9227. Is l composite?
True
Suppose -n = 4*u - 136, -2*n + 8 = -3*u + 99. Suppose 35*f = u*f + 2230. Is f a composite number?
True
Suppose 33*i + 82*i - 64598999 = -24*i. Is i a composite number?
False
Suppose 718535 = -14*h + 2228001. Is h prime?
False
Suppose 26549783 + 34955968 = 141*z. Is z a composite number?
True
Suppose 0 = -o - 4*v + 26299, 0 = -5*o - v + 102515 + 28999. Is o composite?
True
Suppose -386404 = -3*n + c, n = 5*c + 70272 + 58520. Suppose -24*b + 155910 = -n. Is b composite?
False
Let s be (1210048/111)/((-2)/108). Is (-1)/(-5) + s/(-240) prime?
False
Let w = -531630 - -820277. Is w a composite number?
False
Suppose 4*p = 4*t - 558288, -172*t + 5*p + 418718 = -169*t. Is t prime?
True
Is (-34)/(-408) + (-15803)/(-12) composite?
True
Suppose 4*j = -0*j - 32. Let i(w) = 64 - 121 - w**2 + 76 - 20*w. Is i(j) composite?
True
Suppose 194*h - 173*h - 519771 = 0. Is h a composite number?
True
Let p(i) = -276*i**3 - 11*i**2 + 10*i - 19. Is p(-6) composite?
False
Let n be (1 - 22/14) + (-1404)/(-7). Suppose 197*x = n*x - 40101. Is x a prime number?
True
Let f = 122474 + -27565. Is f a composite number?
True
Let b(u) = -25078*u + 2371. Is b(-15) a prime number?
False
Let a = -11 + 5. Let k(b) = 154*b - 9. Let t(z) = 3*z + 1. Let c(q) = -k(q) - 2*t(q). Is c(a) a composite number?
False
Let q(m) be the second derivative of 11*m**4/12 + 43*m**3/6 + 25*m**2/2 + 13*m - 4. Is q(24) a composite number?
False
Let s = -2722 - -5046. Let i = s + -1165. Is i prime?
False
Let h = 677170 - 296991. Is h composite?
False
Suppose 38*j - 39*j + 2 = 0. Suppose 3*n - j*n - l - 666 = 0, 1993 = 3*n - 4*l. Suppose -4*s + 2307 = n. Is s prime?
True
Let o(k) = -k**2 - 9*k - 11. Let t(s) = -s**2 - 14*s - 30. Let y be t(-12). Let a be o(y). Suppose 2*i = a*i - 185. Is i composite?
False
Suppose 3*o = 2380*k - 2383*k + 1351668, 4*k = o + 1802209. Is k a composite number?
True
Let f(q) = q**3 + 7*q**2 - 9*q - 13. Let b be f(-8). Let d(a) = 76*a**2 - 2*a - 21. Is d(b) prime?
True
Let n(c) = 5775*c**2 + 2*c - 5. Suppose 67*g - 8 = 63*g. Is n(g) prime?
True
Is (15/8 - 2) + (-793398210)/(-1936) prime?
True
Suppose 11 = i + 9. Suppose -13*q + i*q = -11. Let m(f) = 1897*f - 8. Is m(q) prime?
True
Let n = 6401 - 5152. Is n a prime number?
True
Let u(f) be the first derivative of 317*f**2 + 293*f + 212. Is u(9) composite?
True
Let d = 70027 + -41124. Is d a composite number?
True
Let m(j) = -j**3 - 16*j**2 + 4*j - 48. Let r(b) = -b**2 - 15*b - 3. Let w be r(-16). Is m(w) prime?
False
Suppose 192821 = 5*b - 4*m, 419*m + 38593 = b + 415*m. Is b composite?
False
Let y be -3*3/3 - (-19 + 30). Let v(b) = -36*b + 145. Is v(y) composite?
True
Suppose 2*d - 171178 = -h, -123*d = -124*d + 3*h + 85589. Is d a composite number?
True
Let p = -56057 + 123384. Suppose -p = -64*k + 51*k. Is k a composite number?
False
Suppose -25*v - 28080 - 27620 = 0. Let x = -4 + 12. Is (v/x)/((-1)/2) prime?
True
Suppose -407*p - 6 = -410*p. Suppose p*r - 3*l = 1843, 2*l = -3*r - 0*r + 2797. Is r a prime number?
True
Suppose 2849*w - 63323 = 2836*w. Is w a composite number?
False
Suppose -3*f + 16 = 5*u, 9*u - 10*u = 5*f + 10. Suppose -5*s = u*g - 3415, -s - 3*g + 4*g = -683. Is s prime?
True
Let o = 446 - 439. Is o/(3 - -4)*2111 prime?
True
Let g(t) = -t**2 + 24*t + 87. Let q be g(27). Is ((-23876)/q)/(12/(-18)) a composite number?
True
Let a(t) = 2*t + 6. Let q be a(-3). Suppose 12*l - 3 - 21 = q. Suppose 0*z - z + 445 = -l*i, 5*z - 2211 = -4*i. Is z composite?
False
Let f = -192726 - -361325. Is f a composite number?
False
Suppose 4*d - 4*k - 279856 = 0, -3*k + 349780 = 605*d - 600*d. Is d composite?
False
Let u(w) = w**3 + 5*w**2 - w + 11. Let h be u(-5). Let f be ((-4)/h)/((-1)/8). Suppose 0 = -5*d + f*i + 741, 5*d - 6*i = -i + 735. Is d prime?
True
Let y = 23 - 18. Suppose s - 2*s - 3*t = 49326, 246590 = -5*s + y*t. Is 3/(-7) + s/(-28) prime?
False
Is 568500/11 - 16/(-88) a prime number?
False
Let x(o) = -o**3 - 90*o**2 - 911*o - 89. Is x(-80) prime?
False
Let c = -9960 + 7029. Let a = c + 4898. Is a a composite number?
True
Is ((-28)/21)/2*(-1010283)/2 a composite number?
False
Let l = -2250 + 4548. Suppose 0 = 352*r - 355*r + l. Is r a composite number?
True
Let i be (1/(-3))/((-6)/(-54)). Let f be (i - -1) + (3 - -2). Suppose -u - f*j = -j - 201, -2*u = 5*j - 397. Is u a prime number?
True
Suppose 2*n - 2*j = 366874, -35*n - 5*j - 183437 = -36*n. Is n prime?
True
Suppose -y + 45270 = 3*o, o + 0*o - 15085 = -2*y. Is o composite?
False
Is ((-55)/10 + 4)/(3/(-213706)) prime?
True
Let n = -23 + 26. Let k(h) = -1 - 2*h**3 + 7*h**3 - h - h**n + h**2. Is k(3) a composite number?
False
Let k = 6207 - 1388. Is k composite?
True
Let a(g) = 1909*g + 3. Let c be -5 - (4 - -10)/(-2). Is a(c) composite?
False
Suppose -8*q - 4*t = -3*q - 1177, t + 476 = 2*q. Suppose 7634 = 239*a - q*a. Is a composite?
True
Let r(y) be the first derivative of 25*y**4/4 - 3*y**3 + y**2/2 + 3*y + 9. Let j(h) = h**3 - h**2 + h. Let z(l) = 3*j(l) - r(l). Is z(-5) a composite number?
False
Suppose -8 = -m - 2*w, -4*m - 6*w + w + 29 = 0. Suppose 2*a = -5*r + 9196, -2*r =